rs of r(0)?
2, 3, 2617
List the prime factors of (-1)/(-1) + (2 - 7) + 9468 + 0.
2, 7, 13
Let n be (-102)/(-27) - (-2 - 32/(-18)). Suppose 0 = -11*x + n*x + 21. List the prime factors of ((-10)/15)/(x/(-585)).
2, 5, 13
Let r be 1 + (-4)/(-14) + (-3225)/(-105). Suppose -21873 - 9775 = -r*w. What are the prime factors of w?
23, 43
Let z = 1151 + -689. Suppose -n - n - z = -2*o, 5*o - n = 1175. What are the prime factors of o?
2, 59
Let p(d) = d**2 + 13*d - 3. Let c be p(-7). Let q be -82*(c/(-10))/(-9). Let v = 52 - q. What are the prime factors of v?
11
Suppose -x = -4*l + 41, 7*x - 3*x + 5*l + 143 = 0. Let u = -37 - x. Let h(y) = 3*y + 77. List the prime factors of h(u).
7, 11
Let u = 35 - 28. Let t be ((9 - -1) + 3)*(u + 0). What are the prime factors of (-4)/(-6)*(-72)/16 + t?
2, 11
Let n be (-6 - -13) + (-28)/4. Suppose n = 6*d - 553 - 803. What are the prime factors of d?
2, 113
Suppose 0 = -2155*o + 2093*o + 3224. What are the prime factors of o?
2, 13
Let a(u) = -u**3 + 7*u**2 - 7*u - 2. Let v be a(6). List the prime factors of 4 + 0 + ((-60928)/v)/7.
2, 3, 7, 13
Suppose -2*f = i + 5473, 5*f - 4595 = 5*i - 18315. Let z be (12/(-9))/(-2)*f/(-2). Suppose 193 - z = -9*d. What are the prime factors of d?
2, 5
Let k be 44/2 - (-4)/4. Let j(o) = -5 - o**3 - 2*o - 3*o - 3*o**2 - 4 - k. What are the prime factors of j(-6)?
2, 53
Suppose -29*n + 56999 = 11846. List the prime factors of n.
3, 173
Suppose 13*t - 28*t = -555. Suppose 2*o - 1787 - t = 0. List the prime factors of o.
2, 3, 19
Suppose -60 = -5*n + 2*x + x, -2*n = -2*x - 28. Suppose -n*u = -u - 32. Suppose u*w = 5*s - 151, 5*s - 84 - 39 = -3*w. What are the prime factors of s?
3
Let y = 7520 - 11160. Let i = -2191 - y. What are the prime factors of i?
3, 7, 23
Let y(p) = p + 10. Let z(i) = 7*i + 7. Let h be z(-2). Let k be y(h). List the prime factors of (-906)/(-12) + k/(-6).
3, 5
Let p(i) = 74*i + 114. Let y be p(8). Suppose -3*b + 1061 = -n, 3*b + y = 5*b - n. What are the prime factors of b?
5, 71
Let z = 89399 - 46846. List the prime factors of z.
7, 6079
Let q(r) = 12*r + 208. Let c(m) = m - 28. Let k be c(38). List the prime factors of q(k).
2, 41
Suppose 5*q - 279 = 471. Let f = -78 + 21. Let j = f + q. What are the prime factors of j?
3, 31
Let r = 188 + 3618. List the prime factors of r.
2, 11, 173
Let o(j) = 158*j + 3295. List the prime factors of o(39).
7, 193
Suppose -q + 66 + 799 = 3*n, -1453 = -5*n + 4*q. List the prime factors of n.
17
Suppose 2*a - 8*f - 6556 = 0, -4*a + 79*f + 13142 = 78*f. List the prime factors of a.
2, 31, 53
Let g(t) = 39*t**2 + 7*t - 19. Let l be g(4). What are the prime factors of -5 - (-5 - (l - 0))?
3, 211
Suppose 261 = 5*v + 7*u, -12*v + 4*u - 204 = -16*v. What are the prime factors of v?
2, 3
Suppose -31*b - 2424 = -35*b. Suppose 4*s + 5*f = 259, 2*s - 4*f - 334 = -3*s. Suppose 6*k = b + s. What are the prime factors of k?
2, 7
Let z(n) = 25*n - 16. Let x be z(4). Let d(c) = -c**3 + 7*c**2 + 7*c - 6. Let y be d(5). Let r = x - y. What are the prime factors of r?
5
Let g = -17409 + 28452. Suppose -30*k + g = -5727. What are the prime factors of k?
13, 43
Suppose -13 + 26 = 3*m - 4*r, -2*m = 2*r + 10. What are the prime factors of (306/(-27))/(m/18)?
2, 3, 17
Let t = -292 - -296. Suppose -t*w = 3*r - 2143, -4*w = -2*r + 3*r - 725. List the prime factors of r.
709
Let x be -2 - (-3)/((4/(-4))/(-1)). Suppose 0 = -3*q + n + 242, -3*n + x = -11. Let a = q - 52. What are the prime factors of a?
2, 3, 5
Let y be 2*(1 + 2/4). Let a be 4 - (2 + -3) - 1. Suppose a*f = -y*f + 238. What are the prime factors of f?
2, 17
Let b = 55 + -46. Suppose b*s = -0*s + 18. Suppose 0 = -s*t + 8, -t - 496 = -5*d - 5*t. List the prime factors of d.
2, 3
Let j(l) = -924*l**3 + 3*l**2 - l - 2. Let b be j(-1). Let w = b + -655. What are the prime factors of w?
271
Suppose s + 5*x = 352 - 17, -s - 3*x + 333 = 0. Suppose 33*y + 2*t - 345 = 32*y, 0 = -y + 3*t + s. What are the prime factors of y?
3, 113
Let r be 5/(-2)*(2 + 0). Let n = -11 - r. Let l(m) = m**3 + 8*m**2 + 14. List the prime factors of l(n).
2, 43
Let l(m) = 63*m**2 + 643*m - 3905. List the prime factors of l(6).
2221
Let a(s) = s**2 + 13*s + 11. Let j be a(-6). Let r = 31 + j. Suppose 4*c - 503 = -3*h, r = -4*c + 12 - 4. What are the prime factors of h?
3, 5, 11
Suppose -291*y - 24 + 18048 = -287*y. What are the prime factors of y?
2, 3, 751
Suppose -c = -5*o - 27911, 2*c - 9096 = 3*o + 46789. List the prime factors of c.
2, 29, 241
Suppose -5*g - 5*f = -10, 2*f = 4*g + 7*f - 8. Suppose g*r - 324 = -3*d, -5*r + 755 = -d - 21. List the prime factors of r.
2, 3, 13
Suppose -200*s + 38*s + 2027831 = 7*s. List the prime factors of s.
13, 71
Let x(f) = 9*f - 14. Let k(l) = 10*l - 14. Let o(w) = -w + 1. Let p be o(5). Let r(m) = p*k(m) + 5*x(m). List the prime factors of r(12).
2, 23
What are the prime factors of -2*(3/8)/((-116)/1456496)?
3, 43, 73
Let r(a) = a**2 - 20*a + 42. Suppose 10*i - 14*i + 12 = 0. Suppose 4*d - 56 - 30 = -t, -i*d + 2*t = -70. What are the prime factors of r(d)?
2, 43
Let d(z) = -z**3 + 7*z**2 + 19*z - 86. Let s be d(8). Let u = -6 - -4. What are the prime factors of ((-11)/u)/(1/s)?
11
Let f be 4/22 - -10*(-6)/330. Suppose -p - y + 356 = 0, -4*p + f*p + 1464 = -4*y. What are the prime factors of p?
19
Let y(x) = -109*x - 24. Let a(w) = 4*w - 3. Let r be a(0). Let t be y(r). Suppose 5*o - t = 922. What are the prime factors of o?
5, 7
Suppose w + 2*j - 10119 = 12836, 5*j + 22948 = w. List the prime factors of w.
3, 7, 1093
Suppose -5*p + 4164 + 12209 = -3*w, -4*p = -5*w - 13088. Suppose p = 14*z - 377. List the prime factors of z.
3, 29
Let a = -83 + 155. Suppose 4*t + a = 10*k - 11*k, 0 = -3*k - t - 227. Let m = 184 + k. List the prime factors of m.
2, 3
Suppose -5*s + 62610 = -5*f, -134*s = -132*s - 3*f - 25039. List the prime factors of s.
12527
Let k(y) = 285*y + 215. What are the prime factors of k(2)?
5, 157
Let j = -2723 - 178. Let v = -1378 - j. What are the prime factors of v?
1523
Suppose 3*n - 7 = 5*j, 0 = j - 4*n - 2. Let v = j + 5. Suppose -80 = x - 2*x + 4*u, -v*x = 2*u - 198. What are the prime factors of x?
2, 17
Suppose -j = -c + 16, -2*c + 3*j = -32 - 1. Let z = c - -416. List the prime factors of z.
431
Let m(x) = 3*x**2 + 13*x + 25. Let v be (2 - -33) + (-1)/(3/9). Suppose -35*n + v = -39*n. List the prime factors of m(n).
113
Suppose 1587182 + 407226 = 127*v. List the prime factors of v.
2, 13, 151
Let m(x) be the second derivative of -1/6*x**4 + 23/2*x**2 - 37*x + 0 - 1/3*x**3. What are the prime factors of m(0)?
23
Let p(x) be the second derivative of x**5/60 - x**4/12 - x**3 - 19*x**2/2 - 16*x. Let i(z) be the first derivative of p(z). List the prime factors of i(4).
2
Let p(u) be the third derivative of 0*u + 7/15*u**5 + 5/6*u**3 + 1/6*u**4 + 20*u**2 + 0. List the prime factors of p(-2).
109
Suppose -7*u + 134 = -174. Let w = u - 40. Let k = 25 + w. What are the prime factors of k?
29
Let c(o) = 376*o + 8387. List the prime factors of c(20).
15907
Let i be -4 + 6 + -1 + 53. Let r be (2 - (-7)/(-3))/(6/i). What are the prime factors of (-10)/15*-36 + r/(-1)?
3
Let g be (-45)/(-6)*((-22)/3 - -8). Let j(z) = 43*z**2 + 12*z + 2. List the prime factors of j(g).
3, 379
Suppose -7*w - 37 = 1587. What are the prime factors of (5 - w)*26/6?
13, 79
Suppose 4*t = -4*q + q + 23, 2*t = 2*q + 8. Let v(m) = 1258*m**3 + m**2 - 2*m. What are the prime factors of v(q)?
3, 419
What are the prime factors of (4 - 382214/8)*(-372)/279?
63697
Let r = 100 - 96. Suppose -873 = w - r*w. What are the prime factors of w?
3, 97
List the prime factors of (72 - 61)*(-194196)/(-44).
3, 16183
Let p = 802 + -1252. Let t = -223 - p. List the prime factors of t.
227
Suppose 18*x - 534534 = -150198. List the prime factors of x.
2, 17, 157
Suppose 5*f = 11*f - 12. Suppose -3*w + f*b - 32 = -4*w, 88 = 3*w + 2*b. Suppose -26*z = -w*z + 286. List the prime factors of z.
11, 13
Let m be 3883 - 6 - 4/(-3 - -1). Suppose 2511 = 5*y - m. List the prime factors of y.
2, 3, 71
Let u be 0*((-8 - -5) + (3 - 1)). Suppose 4*a - 3*o + o - 5826 = u, 7278 = 5*a + 2*o. What are the prime factors of a?
2, 7, 13
Let h = 4808 + -2251. List the prime factors of h.
2557
List the prime factors of (-8)/48 + 7/(336/136424)